93823 prime?
False
Is 341365387 prime?
False
Is 8810926279 a prime number?
True
Is 1141606667 prime?
True
Is 117249414809 prime?
True
Is 37999589857 a composite number?
False
Is 8662653853 prime?
False
Is 24231201089 a composite number?
True
Is 14781709057 a prime number?
True
Is 3876223679 prime?
True
Is 14709204859 prime?
True
Is 1082142949 prime?
False
Is 2988377515 a prime number?
False
Is 1982210393 prime?
False
Is 553106885 composite?
True
Is 1797007337 composite?
False
Is 98918969 a prime number?
True
Is 477757549 composite?
False
Is 28325590346 prime?
False
Is 584980531 composite?
True
Is 5886821137 a composite number?
False
Is 15860339819 a composite number?
False
Is 38981815321 composite?
True
Is 490406485 a composite number?
True
Is 1083095009 a prime number?
True
Is 35113936931 a composite number?
True
Is 6597045919 a composite number?
True
Is 1352197729 composite?
False
Is 163187119909 a prime number?
False
Is 23130370243 a prime number?
False
Is 89888369 a composite number?
False
Is 9406548727 composite?
True
Is 2072444197 composite?
True
Is 69927413051 a composite number?
True
Is 4720829441 prime?
True
Is 148686601099 prime?
True
Is 839841283 a prime number?
True
Is 1053049895 composite?
True
Is 29797947089 a composite number?
True
Is 90557057 prime?
True
Is 48086107907 a composite number?
True
Is 158504522207 a prime number?
True
Is 1369252501 composite?
False
Is 1931065013 prime?
True
Is 16533980369 composite?
False
Is 52454291 prime?
False
Is 9981961679 composite?
False
Is 87099323 prime?
False
Is 211705093 a composite number?
True
Is 949879169 composite?
True
Is 3930035437 composite?
True
Is 37563095359 composite?
False
Is 402828913 a prime number?
True
Is 511536971 composite?
True
Is 758620777 a prime number?
True
Is 6284297497 a prime number?
False
Is 144102356429 composite?
True
Is 77231471 a composite number?
False
Is 21458191661 composite?
True
Is 85453499161 prime?
True
Is 151324357 prime?
False
Is 43323146353 prime?
False
Is 5987321729 composite?
True
Is 722574289 a composite number?
True
Is 2815972337 a composite number?
True
Is 145183349383 prime?
True
Is 168133146049 prime?
False
Is 14577302611 prime?
False
Is 400565881 a composite number?
False
Is 2937393881 composite?
False
Is 3614837781 composite?
True
Is 9321688409 prime?
False
Is 90109668307 a prime number?
True
Is 1576151051 a composite number?
False
Is 115695979013 a prime number?
True
Is 822548599 composite?
False
Is 366974887 prime?
False
Is 1560684869 prime?
False
Is 486764671 a prime number?
True
Is 9068387947 prime?
True
Is 194105903 a prime number?
False
Is 6810917653 a composite number?
True
Is 5660534767 a composite number?
False
Is 82270738577 a composite number?
True
Is 168964147 composite?
True
Is 1290849419 a prime number?
True
Is 38263853777 prime?
True
Is 104819863 prime?
False
Is 661574179 prime?
False
Is 13361277343 a composite number?
False
Is 2254780769 composite?
True
Is 290473018195 a prime number?
False
Is 66843979 composite?
False
Is 1498705981 a prime number?
True
Is 6888669031 prime?
False
Is 9694469003 a composite number?
False
Is 17579237173 a composite number?
False
Is 3425244041 composite?
False
Is 2754834011 a composite number?
True
Is 141846984977 prime?
False
Is 239686543 prime?
True
Is 417801959 a composite number?
True
Is 9675937291 prime?
True
Is 2166277 a prime number?
False
Is 60948518359 a composite number?
True
Is 3831342863 composite?
False
Is 34472088109 a prime number?
False
Is 1818375703 composite?
True
Is 43180769195 a prime number?
False
Is 75003553741 composite?
True
Is 10493540791 prime?
True
Is 9965007383 a composite number?
False
Is 646857479 a prime number?
False
Is 14261143573 a prime number?
False
Is 1714274609 a prime number?
False
Is 348460039 a prime number?
True
Is 16640567 a composite number?
False
Is 19877816407 a prime number?
False
Is 10431633419 a composite number?
False
Is 19038891811 a prime number?
True
Is 1377724981 prime?
True
Is 2458528537 a composite number?
False
Is 108360773 prime?
True
Is 496992107 a composite number?
False
Is 2165363639 prime?
False
Is 4205929213 composite?
False
Is 10113477617 composite?
False
Is 135096827245 a prime number?
False
Is 806965387 a composite number?
True
Is 3662553343 a composite number?
False
Is 2582870791 prime?
False
Is 3544646257 prime?
False
Is 448760153 a prime number?
False
Is 23329841531 a composite number?
True
Is 85940129629 a composite number?
False
Is 4088322697 prime?
True
Is 93144101191 composite?
False
Is 838917151 a prime number?
True
Is 729835549 composite?
True
Is 3408786617 composite?
True
Is 367880287 prime?
False
Is 500770393 a prime number?
False
Is 813588547 prime?
True
Is 152623101677 a prime number?
True
Is 4044147227 a prime number?
True
Is 297559423 a composite number?
True
Is 2584364749 a prime number?
False
Is 16797674623 composite?
False
Is 8585871191 composite?
True
Is 3595372919 prime?
True
Is 219242651 prime?
True
Is 56149421791 a prime number?
True
Is 15994943449 prime?
False
Is 20793013273 a composite number?
False
Is 80272171141 composite?
False
Is 144217993 prime?
False
Is 16937012693 a composite number?
False
Is 773377279 a prime number?
True
Is 2218667849 a prime number?
True
Is 635760857 prime?
False
Is 42572395421 a prime number?
False
Is 870035263 prime?
False
Is 399440707 prime?
True
Is 4710881981 prime?
False
Is 1792507333 a composite number?
False
Is 469903302145 composite?
True
Is 40611070249 composite?
True
Is 389177011 composite?
True
Is 2299789579 a composite number?
True
Is 2207255923 prime?
True
Is 42911762731 prime?
True
Is 419704841 a composite number?
False
Is 6630944071 a composite number?
False
Is 38003564317 a prime number?
True
Is 2989485481 composite?
False
Is 33039866633 composite?
False
Is 1061948647 composite?
False
Is 794384663 composite?
False
Is 3279425287 composite?
False
Is 4721678371 composite?
False
Is 59251906963 a prime number?
True
Is 469743083 a composite number?
True
Is 645012397 a prime number?
True
Is 709818659 a prime number?
False
Is 13005297917 prime?
True
Is 22862947787 prime?
False
Is 11028046919 a composite number?
True
Is 8916489107 prime?
False
Is 14147596747 a composite number?
False
Is 2144039578 a composite number?
True
Is 2537087305 prime?
False
Is 4633906051 a composite number?
True
Is 7115180381 prime?
True
Is 2093629667 a composite number?
True
Is 4406632667 a composite number?
True
Is 1064627819 a composite number?
False
Is 408753613 a composite number?
False
Is 16686830621 composite?
False
Is 204684631 prime?
True
Is 219839861 a prime number?
False
Is 19842602893 composite?
False
Is 96494926109 composite?
False
Is 7752954299 a prime number?
True
Is 25741753069 a composite number?
False
Is 1410575653 a prime number?
True
Is 81104240453 a composite number?
False
Is 1320558947 a prime number?
False
Is 43860488327 prime?
False
Is 18492405433 prime?
False
Is 15763636003 a prime number?
False
Is 3360073111 prime?
True
Is 67291321387 prime?
True
Is 14470119227 prime?
True
Is 2533351013 composite?
False
Is 9752688433 a prime number?
False
Is 178387123 composite?
False
Is 2398727 composite?
True
Is 5657005429 a prime number?
False
Is 452070569 composite?
False
Is 151530227 a prime number?
True
Is 6719024479 composite?
False
Is 30338984953 a prime number?
True
Is 38711999509 a composite number?
True
Is 885904027 prime?
False
Is 4049183981 a composite number?
True
Is 21608415173 prime?
True
Is 10371331109 a prime number?
False
Is 1980315763 prime?
True
Is 205469269 a prime number?
True
Is 21494393281 prime?
True
Is 1039847063 prime?
False
Is 152447353 composite?
False
Is 264705989 prime?
True
Is 3611567731 a composite number?
False
Is 102607144889 a composite number?
False
Is 18286148383 a composite number?
False
Is 27054621862 prime?
False
Is 374257067 a composite number?
False
Is 22643861641 prime?
True
Is 192736764647 a composite number?
True
Is 9780555739 a prime number?
False
Is 7278364517 prime?
True
Is 11486499457 a prime number?
False
Is 18855118307 prime?
True
Is 5106097627 composite?
False
Is 5638431247 composite?
False
Is 17461530623 a prime number?
False
Is 1641676499 a composite number?
False
Is 6217311115 a composite number?
True
Is 3200108701 prime?
False
I